{"version":"1.0","provider_name":"Selvagem","provider_url":"https:\/\/selvagemciclo.org.br\/en","author_name":"selvagem","author_url":"https:\/\/selvagemciclo.org.br\/en\/author\/selvagem\/","title":"TEM QUE TER OLHO PARA VER MIUDEZA - Selvagem","type":"rich","width":600,"height":338,"html":"<blockquote class=\"wp-embedded-content\" data-secret=\"fB6cIYVZxO\"><a href=\"https:\/\/selvagemciclo.org.br\/en\/tem-que-ter-olho-para-ver-miudeza\/\">YOU NEED EYES TO SEE THE SMALL THINGS<\/a><\/blockquote><iframe sandbox=\"allow-scripts\" security=\"restricted\" src=\"https:\/\/selvagemciclo.org.br\/en\/tem-que-ter-olho-para-ver-miudeza\/embed\/#?secret=fB6cIYVZxO\" width=\"600\" height=\"338\" title=\"&#8220;TEM QUE TER OLHO PARA VER MIUDEZA&#8221; &#8212; Selvagem\" data-secret=\"fB6cIYVZxO\" frameborder=\"0\" marginwidth=\"0\" marginheight=\"0\" scrolling=\"no\" class=\"wp-embedded-content\"><\/iframe><script type=\"text\/javascript\">\n\/* <![CDATA[ *\/\n\/*! This file is auto-generated *\/\n!function(d,l){\"use strict\";l.querySelector&&d.addEventListener&&\"undefined\"!=typeof URL&&(d.wp=d.wp||{},d.wp.receiveEmbedMessage||(d.wp.receiveEmbedMessage=function(e){var t=e.data;if((t||t.secret||t.message||t.value)&&!\/[^a-zA-Z0-9]\/.test(t.secret)){for(var s,r,n,a=l.querySelectorAll('iframe[data-secret=\"'+t.secret+'\"]'),o=l.querySelectorAll('blockquote[data-secret=\"'+t.secret+'\"]'),c=new RegExp(\"^https?:$\",\"i\"),i=0;i<o.length;i++)o[i].style.display=\"none\";for(i=0;i<a.length;i++)s=a[i],e.source===s.contentWindow&&(s.removeAttribute(\"style\"),\"height\"===t.message?(1e3<(r=parseInt(t.value,10))?r=1e3:~~r<200&&(r=200),s.height=r):\"link\"===t.message&&(r=new URL(s.getAttribute(\"src\")),n=new URL(t.value),c.test(n.protocol))&&n.host===r.host&&l.activeElement===s&&(d.top.location.href=t.value))}},d.addEventListener(\"message\",d.wp.receiveEmbedMessage,!1),l.addEventListener(\"DOMContentLoaded\",function(){for(var e,t,s=l.querySelectorAll(\"iframe.wp-embedded-content\"),r=0;r<s.length;r++)(t=(e=s[r]).getAttribute(\"data-secret\"))||(t=Math.random().toString(36).substring(2,12),e.src+=\"#?secret=\"+t,e.setAttribute(\"data-secret\",t)),e.contentWindow.postMessage({message:\"ready\",secret:t},\"*\")},!1)))}(window,document);\n\/\/# sourceURL=https:\/\/selvagemciclo.org.br\/wp-includes\/js\/wp-embed.min.js\n\/* ]]> *\/\n<\/script>","thumbnail_url":"https:\/\/selvagemciclo.org.br\/wp-content\/uploads\/2025\/08\/20250611_132652_bx.jpg","thumbnail_width":600,"thumbnail_height":800,"description":"TEM QUE TER OLHO PRA VER MIUDEZA Veronica Pinheiro 21 de agosto de 2025 &nbsp; As crian\u00e7as choram. E, em gotas salgadas, comunicam e expressam necessidades f\u00edsicas e emocionais. \u00c9 uma forma de liberar tens\u00f5es e dizer \u201calgo est\u00e1 me incomodando\u201d. Se o choro \u00e9 comunica\u00e7\u00e3o, ele sempre diz algo. Pense no desconforto de ser deixado aos cuidados de pessoas desconhecidas sem o seu consentimento por horas, cinco dias por semana. As crian\u00e7as est\u00e3o come\u00e7ando a frequentar ambientes educacionais formais cada vez mais cedo. Chamamos de \u201cper\u00edodo de adapta\u00e7\u00e3o\u201d o processo de inicia\u00e7\u00e3o da crian\u00e7a na escola ou creche. Resumidamente \u00e9 o momento que pais e crian\u00e7as precisam para se adequar \u00e0s novas rela\u00e7\u00f5es e rotina. Sobre as crian\u00e7as que param de chorar mais rapidamente dizem \u201cessa crian\u00e7a est\u00e1 adaptada\u201d. Hoje questiono o quanto de silenciamento h\u00e1 na tal adapta\u00e7\u00e3o. Uma crian\u00e7a adaptada \u00e9 diferente de uma crian\u00e7a acolhida. Quando o bem-viver n\u00e3o faz parte das motiva\u00e7\u00f5es institucionais, basta saber..."}

TEM QUE TER OLHO PRA VER MIUDEZA Veronica Pinheiro 21 de agosto de 2025 &nbsp; As crianças choram. E, em gotas salgadas, comunicam e expressam necessidades físicas e emocionais. É uma forma de liberar tensões e dizer “algo está me incomodando”. Se o choro é comunicação, ele sempre diz algo. Pense no desconforto de ser deixado aos cuidados de pessoas desconhecidas sem o seu consentimento por horas, cinco dias por semana. As crianças estão começando a frequentar ambientes educacionais formais cada vez mais cedo. Chamamos de “período de adaptação” o processo de iniciação da criança na escola ou creche. Resumidamente é o momento que pais e crianças precisam para se adequar às novas relações e rotina. Sobre as crianças que param de chorar mais rapidamente dizem “essa criança está adaptada”. Hoje questiono o quanto de silenciamento há na tal adaptação. Uma criança adaptada é diferente de uma criança acolhida. Quando o bem-viver não faz parte das motivações institucionais, basta saber...
