{"version":"1.0","provider_name":"Selvagem","provider_url":"https:\/\/selvagemciclo.org.br\/en","author_name":"wonderpus","author_url":"https:\/\/selvagemciclo.org.br\/en\/author\/wonderpus\/","title":"EU VOU SENTIR SAUDADE DO VENTO - Selvagem","type":"rich","width":600,"height":338,"html":"<blockquote class=\"wp-embedded-content\" data-secret=\"iBwlWcfblb\"><a href=\"https:\/\/selvagemciclo.org.br\/en\/eu-vou-sentir-saudade-do-vento\/\">I WILL MISS THE WIND<\/a><\/blockquote><iframe sandbox=\"allow-scripts\" security=\"restricted\" src=\"https:\/\/selvagemciclo.org.br\/en\/eu-vou-sentir-saudade-do-vento\/embed\/#?secret=iBwlWcfblb\" width=\"600\" height=\"338\" title=\"&#8220;EU VOU SENTIR SAUDADE DO VENTO&#8221; &#8212; Selvagem\" data-secret=\"iBwlWcfblb\" frameborder=\"0\" marginwidth=\"0\" marginheight=\"0\" scrolling=\"no\" class=\"wp-embedded-content\"><\/iframe><script type=\"text\/javascript\">\n\/* <![CDATA[ *\/\n\/*! This file is auto-generated *\/\n!function(d,l){\"use strict\";l.querySelector&&d.addEventListener&&\"undefined\"!=typeof URL&&(d.wp=d.wp||{},d.wp.receiveEmbedMessage||(d.wp.receiveEmbedMessage=function(e){var t=e.data;if((t||t.secret||t.message||t.value)&&!\/[^a-zA-Z0-9]\/.test(t.secret)){for(var s,r,n,a=l.querySelectorAll('iframe[data-secret=\"'+t.secret+'\"]'),o=l.querySelectorAll('blockquote[data-secret=\"'+t.secret+'\"]'),c=new RegExp(\"^https?:$\",\"i\"),i=0;i<o.length;i++)o[i].style.display=\"none\";for(i=0;i<a.length;i++)s=a[i],e.source===s.contentWindow&&(s.removeAttribute(\"style\"),\"height\"===t.message?(1e3<(r=parseInt(t.value,10))?r=1e3:~~r<200&&(r=200),s.height=r):\"link\"===t.message&&(r=new URL(s.getAttribute(\"src\")),n=new URL(t.value),c.test(n.protocol))&&n.host===r.host&&l.activeElement===s&&(d.top.location.href=t.value))}},d.addEventListener(\"message\",d.wp.receiveEmbedMessage,!1),l.addEventListener(\"DOMContentLoaded\",function(){for(var e,t,s=l.querySelectorAll(\"iframe.wp-embedded-content\"),r=0;r<s.length;r++)(t=(e=s[r]).getAttribute(\"data-secret\"))||(t=Math.random().toString(36).substring(2,12),e.src+=\"#?secret=\"+t,e.setAttribute(\"data-secret\",t)),e.contentWindow.postMessage({message:\"ready\",secret:t},\"*\")},!1)))}(window,document);\n\/\/# sourceURL=https:\/\/selvagemciclo.org.br\/wp-includes\/js\/wp-embed.min.js\n\/* ]]> *\/\n<\/script>","thumbnail_url":"https:\/\/selvagemciclo.org.br\/wp-content\/uploads\/2025\/06\/abraco_bx.jpg","thumbnail_width":750,"thumbnail_height":500,"description":"EU VOU SENTIR SAUDADE DO VENTO Veronica Pinheiro 26 de junho e 2025 &nbsp; \u00a0\u201ceu nasci pra morar num bairro assim, cheio de natureza, ali\u00e1s, todo mundo nasceu pra isso, n\u00e9\u201d Catarina, 9 anos Lago das vit\u00f3ria-r\u00e9gias do Jardim Bot\u00e2nico Depois de um ano do encontro das crian\u00e7as com as \u00e1rvores\u00b9, voltamos ao Jardim Bot\u00e2nico da Cidade do Rio de Janeiro com um grupo de 40 alunos da Escola Municipal Professor Escragnolle D\u00f3ria. Pela primeira vez, o grupo esteve em atividade por dois turnos, escrevemos um roteiro longo, cheio de meandros e, entre as atividades, reservamos um momento para que as crian\u00e7as pudessem brincar. As escolas possuem tantas regras e est\u00e3o comprometidas com tantas metas que, a cada ano que passa, brincar n\u00e3o faz parte do cotidiano. Eu me assusto ao pensar que uma crian\u00e7a em fase escolar fica, em m\u00e9dia, sentada 25 horas por semana. S\u00e3o 5 mil horas por ano sentada numa cadeira, levantando apenas para comer e..."}

EU VOU SENTIR SAUDADE DO VENTO Veronica Pinheiro 26 de junho e 2025 &nbsp;  “eu nasci pra morar num bairro assim, cheio de natureza, aliás, todo mundo nasceu pra isso, né” Catarina, 9 anos Lago das vitória-régias do Jardim Botânico Depois de um ano do encontro das crianças com as árvores¹, voltamos ao Jardim Botânico da Cidade do Rio de Janeiro com um grupo de 40 alunos da Escola Municipal Professor Escragnolle Dória. Pela primeira vez, o grupo esteve em atividade por dois turnos, escrevemos um roteiro longo, cheio de meandros e, entre as atividades, reservamos um momento para que as crianças pudessem brincar. As escolas possuem tantas regras e estão comprometidas com tantas metas que, a cada ano que passa, brincar não faz parte do cotidiano. Eu me assusto ao pensar que uma criança em fase escolar fica, em média, sentada 25 horas por semana. São 5 mil horas por ano sentada numa cadeira, levantando apenas para comer e...
